{"id":1352,"date":"2014-02-23T17:31:00","date_gmt":"2014-02-23T17:31:00","guid":{"rendered":"http:\/\/www.cbws.eu\/archive\/?page_id=1352"},"modified":"2019-01-25T08:44:03","modified_gmt":"2019-01-25T08:44:03","slug":"annual-general-meeting","status":"publish","type":"page","link":"http:\/\/www.cbws.eu\/archive\/annual-general-meeting\/","title":{"rendered":"AGM"},"content":{"rendered":"<h3><a href=\"http:\/\/www.cbws.eu\/archive\/wp-content\/uploads\/2013\/09\/imagebot.jpg\"><img loading=\"lazy\" class=\"wp-image-725 alignright\" src=\"http:\/\/www.cbws.eu\/archive\/wp-content\/uploads\/2013\/09\/imagebot-300x300.jpg\" alt=\"imagebot\" width=\"414\" height=\"414\" srcset=\"http:\/\/www.cbws.eu\/archive\/wp-content\/uploads\/2013\/09\/imagebot-300x300.jpg 300w, http:\/\/www.cbws.eu\/archive\/wp-content\/uploads\/2013\/09\/imagebot-150x150.jpg 150w, http:\/\/www.cbws.eu\/archive\/wp-content\/uploads\/2013\/09\/imagebot-200x200.jpg 200w, http:\/\/www.cbws.eu\/archive\/wp-content\/uploads\/2013\/09\/imagebot-400x400.jpg 400w, http:\/\/www.cbws.eu\/archive\/wp-content\/uploads\/2013\/09\/imagebot.jpg 476w\" sizes=\"(max-width: 414px) 100vw, 414px\" \/><\/a><\/h3>\n<p><strong>Minutes of the AGM held on January 17, 2019 at Hotel Sol y Mar, Calpe.<\/strong><\/p>\n<p><span style=\"color: #000000;\">Numbers present 47<\/span><\/p>\n<p><span style=\"color: #000000;\">President Paul Nicholls called the meeting to order at 18.30.<\/span><\/p>\n<ol>\n<li><span style=\"color: #000000;\"><strong>Apologies for Absence were received from:<\/strong><\/span><\/li>\n<\/ol>\n<p><span style=\"color: #000000;\">\u00a0 \u00a0 \u00a0 \u00a0 Neil Robertson and Vicki Wyatt<\/span><\/p>\n<p><span style=\"color: #000000;\">\u00a0\u00a0\u00a0\u00a0\u00a0\u00a0\u00a0 Andrew &amp; Kathy Johnson<\/span><\/p>\n<p><span style=\"color: #000000;\">\u00a0 \u00a0 \u00a0 \u00a0 Hilary Blackwell<\/span><\/p>\n<p><span style=\"color: #000000;\">\u00a0\u00a0\u00a0\u00a0\u00a0\u00a0\u00a0 Pauline and David Welpton<\/span><\/p>\n<p><span style=\"color: #000000;\">\u00a0\u00a0\u00a0 \u00a0\u00a0\u00a0\u00a0Ron and Amalia Watson<\/span><\/p>\n<p><span style=\"color: #000000;\">\u00a0\u00a0\u00a0\u00a0\u00a0\u00a0\u00a0 Tony and Cherry Cabban<\/span><\/p>\n<p><span style=\"color: #000000;\">\u00a0\u00a0\u00a0\u00a0\u00a0\u00a0\u00a0 Jutta and Brian Courtenay<\/span><\/p>\n<p><span style=\"color: #000000;\">\u00a0\u00a0\u00a0\u00a0\u00a0\u00a0\u00a0 Hugh &amp; Beverley Stewart<\/span><\/p>\n<p><span style=\"color: #000000;\">\u00a0 \u00a0 \u00a0 \u00a0 Allan and Rosemary Murdoch<\/span><\/p>\n<p><span style=\"color: #000000;\">\u00a0\u00a0\u00a0\u00a0\u00a0\u00a0\u00a0 Netty Sayers<\/span><\/p>\n<p><span style=\"color: #000000;\">\u00a0\u00a0\u00a0\u00a0\u00a0\u00a0\u00a0 Sarah Richardson\u00a0 \u00a0 \u00a0 \u00a0\u00a0 \u00a0 \u00a0<\/span><\/p>\n<p><span style=\"color: #000000;\">\u00a0 \u00a02.\u00a0\u00a0<\/span><span style=\"color: #000000;\"><strong>Approval of 2018 Minutes<\/strong><\/span><\/p>\n<p><span style=\"color: #000000;\">\u00a0\u00a0\u00a0\u00a0 The minutes from the previous AGM were approved unaltered<\/span><\/p>\n<ol start=\"3\">\n<li><span style=\"color: #000000;\"><strong> \u00a0Matters Arising<\/strong><\/span><\/li>\n<\/ol>\n<p><span style=\"color: #000000;\">\u00a0\u00a0\u00a0\u00a0 None<\/span><\/p>\n<ol start=\"4\">\n<li><span style=\"color: #000000;\"><strong> \u00a0Presidents Report<\/strong><\/span><\/li>\n<\/ol>\n<p><span style=\"color: #000000;\">Paul Nicholls presents the President\u2019s report for the year.\u00a0 \u00a0 \u00a0 \u00a0 \u00a0 \u00a0 \u00a0 \u00a0 \u00a0 \u00a0 \u00a0 \u00a0 \u00a0 \u00a0 \u00a0 \u00a0 \u00a0 \u00a0 \u00a0<\/span><\/p>\n<div id=\"attachment_6508\" style=\"width: 235px\" class=\"wp-caption alignleft\"><a href=\"http:\/\/www.cbws.eu\/archive\/annual-general-meeting\/dav-17\/\" rel=\"attachment wp-att-6508\"><img aria-describedby=\"caption-attachment-6508\" loading=\"lazy\" class=\"size-medium wp-image-6508\" src=\"http:\/\/www.cbws.eu\/archive\/wp-content\/uploads\/2019\/01\/IMG_20190117_183932-225x300.jpg\" alt=\"\" width=\"225\" height=\"300\" srcset=\"http:\/\/www.cbws.eu\/archive\/wp-content\/uploads\/2019\/01\/IMG_20190117_183932-225x300.jpg 225w, http:\/\/www.cbws.eu\/archive\/wp-content\/uploads\/2019\/01\/IMG_20190117_183932-768x1024.jpg 768w, http:\/\/www.cbws.eu\/archive\/wp-content\/uploads\/2019\/01\/IMG_20190117_183932-400x533.jpg 400w\" sizes=\"(max-width: 225px) 100vw, 225px\" \/><\/a><p id=\"caption-attachment-6508\" class=\"wp-caption-text\">dav<\/p><\/div>\n<p><span style=\"color: #000000;\"><strong>President\u2019s report: January 2019.<\/strong><\/span><\/p>\n<p><span style=\"color: #000000;\">It is my pleasure to present the President\u2019s report for the year. Here is the summary in brief:-<\/span><\/p>\n<p><span style=\"color: #000000;\"><strong>Ten tastings <\/strong>catered for <strong>614 pe<\/strong>ople attended, and we tasted <strong>52 different types of wines<\/strong>, that was <strong>5<\/strong> more than the previous year, our wines tasted this year have ranged in cost from 3-4 Euros to 36-60 Euros.<\/span><\/p>\n<p><span style=\"color: #000000;\">We still have a full membership; more from the membership secretary in his report later on.<\/span><\/p>\n<p><span style=\"color: #000000;\">We have had another full and active year and have tasted some really excellent wines<\/span><\/p>\n<p><span style=\"color: #000000;\">After last year\u2019s AGM held in La Senia in January 2018, 64 members enjoyed an excellent dinner and a tasting of \u201cWine from Balearics\u201d.\u00a0 With an average points score from you of 85.82.<\/span><\/p>\n<p><span style=\"color: #000000;\">On the 15<sup>th<\/sup> <strong>February<\/strong> we tried out a restaurant that we have not been to for many years, the Hotel Swiss in Moraira. 61 Members attended, where Los Aljibes presented 6 of their best wines. I was able to negotiate a good deal with them which was \u2018a free tasting\u2019 of their wine. <strong><em>\u201cNO COST TO THE CBWS\u201d<\/em><\/strong>. And for this free tasting I offered to take orders for their great wine for our members and secured 1,583.27 Euros of wine for our members.\u00a0 This was delivered to my house and distributed to the members who ordered the wine. The average wine score on this occasion was 86.97<\/span><\/p>\n<p><span style=\"color: #000000;\"><strong>March <\/strong>15th\u00a0 found us in the Restaurant Abiss \u2013 Calpe where I was pleased to welcome the first of our \u2018<strong><em>in house presenters\u2019<\/em><\/strong>: Keith Pacey.\u00a0 \u00a0Keith\u00a0 presented\u00a0\u00a0\u201c Wines of Aragon \u201d\u00a0 \u00a0this was a presentation of some really outstanding wines, and you the members thought so too; with the best average point score of the year, a score of 88.86<\/span><\/p>\n<p><span style=\"color: #000000;\"><strong>In April<\/strong> 51 members returned to Ca La Iaia where we were presented with wines from Bodegas La casa agr\u00edcola de Pep\u00e9 Mendoza from D.O. Alicante. We were pleased to be able to meet Pep\u00e9 Mendoza himself on this occasion.\u00a0 Good wine with a score of 87.72.<\/span><\/p>\n<p><span style=\"color: #000000;\"><strong>On May<\/strong> <strong>17th<\/strong> it was Punta Negra,\u00a0MR Les Rotes, Denia. And for me, and I know you agree, it was the highlight of the year. Nani Ramon from Bodega\u00a0Edet\u00e0ria came to present and entertain us with some wonderful wine.\u00a0 On this occasion we tasted 6 wines and each table had 6 wine glasses for each of us. This enabled us to compare and contrast all of the wines over the entire evening and not rush to finish off a wine quickly because you have to clear the glass of the current wine.\u00a0 It was interesting to revisit the first wines to see the changes over time of the wine in the glass. We had more than ample wine and I did go over budget on this occasion on the back of the fact that the February wine tasting was free. Nani not only presented his wine he conducted a small Quiz and the prizes for correct answers was a Magnum of wine supplied by the bodega at NO Cost To us.\u00a0 This was such a popular meeting that the comments later were things like.\u00a0\u00a0\u00a0 <strong>\u2018That was the <u>best<\/u> wine tasting EVER\u2019. \u2018Such a wonderful presenter. <\/strong>The wine score on this occasion was 88.65.\u00a0<\/span><\/p>\n<p><span style=\"color: #000000;\">We ordered wine from this bodega as well, to the sum of 579.52 Euros, again delivered to my house for distribution. All the monies paid for the wine on this occasion and the one in February went through the books of the wine society for transparency, and I thank Shirley for her help and cooperation in this, as it gave her a little extra work. Thank you Shirley.<\/span><\/p>\n<p><span style=\"color: #000000;\"><strong>June<\/strong> <strong>21st \u2013 Puerto Blanco<\/strong> \u2013 Calpe, I was unable to attend this meeting and I asked Maureen to deputise for me, thank you Maureen. Wines to be presented by my second <strong><em>\u2018In house Presenter\u2019<\/em><\/strong> Andrew Johnson. Both Andrew and Kathy did a fantastic job in this great location and the wine score was an average of 85.88, with 74 members and guests attending.\u00a0\u00a0 I was sorry to miss this as I believe the wine was served from decanters to bring out the qualities of the wine.<\/span><\/p>\n<p><span style=\"color: #000000;\"><strong>20th<\/strong> <strong>September<\/strong>\u00a0 \u2013 La Senia, Hotel Nou Roma \u2013 Denia.\u00a0 John Davis was the presenter. \u00a0John has decades of experience in the wine trade and he gave a fascinating insight into his theme of <strong>\u201cIs climate change a good thing?<\/strong>\u201d\u00a0 The wines were from Galicia and the average score was again 85.88.<\/span><\/p>\n<p><span style=\"color: #000000;\"><strong>On the 18th October<\/strong> we were at \u00a0Punta Negra,\u00a0MR Les Rotes, Denia again. My third <strong><em>\u2018in house presenters.<\/em><\/strong>\u2019 Caryl and Gordon Sellars with the help of Mary Anderton\u00a0 presented the ever popular \u201cWhose Wine is it Anyway?\u201d\u00a0\u00a0here the score was 87.56<\/span><\/p>\n<p><span style=\"color: #000000;\"><strong>November 15th \u2013 Ca La Iaia \u2013 Moraira\u00a0 <\/strong>Wines presented by Bodegas Vinicola Real\u00a0\u00a0 65 members 85.30 score<\/span><\/p>\n<p><span style=\"color: #000000;\"><strong>December 6th \u2013 Nau Nau \u2013 Puerto J\u00e1vea\u00a0<\/strong> In December we returned to Nau Nau in Javea Marina for my last presentation. where 53 of us enjoyed our usual light hearted Christmas tasting and, for a final time, I could Present my choice of wines which proved very popular indeed.<\/span><\/p>\n<p><span style=\"color: #000000;\">In the past this wine society has been dominated by men. And to address this situation I decided to ask for more help from the fair sex.<\/span><\/p>\n<p><span style=\"color: #000000;\">So <strong><em>\u2018the vote of thanks\u2019<\/em><\/strong> at every meeting has been given by a lady. My Vice chair is female.<\/span><\/p>\n<p><span style=\"color: #000000;\">Later on in this AGM we will have our first Lady President.\u00a0\u00a0 I am pleased about that.\u00a0 The reason any society runs so well is not because of one person. I have, and my predecessors have been very lucky, to have had such a great committee and wine trip team. There is no doubt that, without the help of so many people, this would not be the association it is, so a very sincere thanks to all my committee and also the other people who are all very willing to stand in and help when asked.<\/span><\/p>\n<p><span style=\"color: #000000;\">So, <strong>in summary <\/strong>we have had an excellent year;<\/span><\/p>\n<p><span style=\"color: #000000;\">Thank you for all comments received, the efforts of everyone, and the fun we have enjoyed together.<\/span><\/p>\n<p><span style=\"color: #000000;\">I, like others have been honoured to lead this society.<\/span><\/p>\n<p><span style=\"color: #000000;\">I have tried to make it as light hearted as possible and now, I conclude by thanking <strong><em>every one of you<\/em><\/strong> for the support you have given me<strong>.<\/strong><\/span><\/p>\n<p><span style=\"color: #000000;\"><strong><a href=\"http:\/\/www.cbws.eu\/archive\/annual-general-meeting\/dav-18\/\" rel=\"attachment wp-att-6509\"><img loading=\"lazy\" class=\"aligncenter size-medium wp-image-6509\" src=\"http:\/\/www.cbws.eu\/archive\/wp-content\/uploads\/2019\/01\/IMG_20190117_183623-300x225.jpg\" alt=\"\" width=\"300\" height=\"225\" srcset=\"http:\/\/www.cbws.eu\/archive\/wp-content\/uploads\/2019\/01\/IMG_20190117_183623-300x225.jpg 300w, http:\/\/www.cbws.eu\/archive\/wp-content\/uploads\/2019\/01\/IMG_20190117_183623-768x576.jpg 768w, http:\/\/www.cbws.eu\/archive\/wp-content\/uploads\/2019\/01\/IMG_20190117_183623-1024x768.jpg 1024w, http:\/\/www.cbws.eu\/archive\/wp-content\/uploads\/2019\/01\/IMG_20190117_183623-400x300.jpg 400w\" sizes=\"(max-width: 300px) 100vw, 300px\" \/><\/a>\u00a0\u00a0\u00a0\u00a0\u00a0\u00a0 <\/strong><\/span><\/p>\n<ol start=\"5\">\n<li><span style=\"color: #000000;\"><strong> \u00a0Membership Secretary\u2019s Report<\/strong><\/span><\/li>\n<\/ol>\n<p><span style=\"color: #000000;\">Tony Cabban prepared his report and in his absence Tim Fawle read it out to members:<\/span><\/p>\n<p><span style=\"color: #000000;\">We realised in March 2018 that attendance numbers at tastings were falling.<\/span><\/p>\n<p><span style=\"color: #000000;\">Let me tell you just a few numbers:<\/span><\/p>\n<p><span style=\"color: #000000;\">I compared the number of members attending 3 or less times in 2015 it was 30%, in 2018 it has risen to 42%. In 2015 only 2 members did not attend any tastings that number rose to 10 in 2018.\u00a0 Also 59 of our 132 members, that is 45% are what many people refer to as Swallows, in other words they spend less than 6 months a year in Spain.<\/span><\/p>\n<p><span style=\"color: #000000;\">When the Venues and Menus team book a restaurant part of the price negotiation involves telling the restaurant how many people are expected to attend. If we consistently fall short of the expected numbers then the restaurant will want to increase the price or will be reluctant to reserve the space for our exclusive use.<\/span><\/p>\n<p><span style=\"color: #000000;\">So in April this year we decided to admit 8 waiting list members and have admitted more members since to reach a membership of 132 at present. We need sufficient members to satisfy venues but at the same time we want to avoid turning members away or having overcrowded tastings.<\/span><\/p>\n<p><span style=\"color: #000000;\">We ask that you have confidence that we will manage numbers carefully and agree to our recommendation that the maximum number of members permitted be raised from 120 to 130 with flexibility being given to the Committee to increase or decrease that number if necessary.<\/span><\/p>\n<p><span style=\"color: #000000;\">This motion was proposed by Gaby Ferenczy and seconded by Gordon Sellars<\/span><\/p>\n<ol start=\"6\">\n<li><span style=\"color: #000000;\"><strong> \u00a0Treasurer\u2019s Report<\/strong><\/span><\/li>\n<\/ol>\n<p><span style=\"color: #000000;\">Shirley Sloggie distributed the Financial Report. Membership income remained stable.<\/span><\/p>\n<p><span style=\"color: #000000;\">Expenses were lower than expectations. For the year 2018 the society had a deficit of \u20ac854 against a budget of a profit of \u20ac78.\u00a0 We carried forward a bank balance of \u20ac2,225 for 2019.<\/span><\/p>\n<p><span style=\"color: #000000;\">A question was asked why we had made losses on tastings and it was explained that funds had built up over the past few years so a concerted effort was made to spend the surplus funds. Members have always enjoyed the opportunity to taste wines at a higher price than they would normally spend. It has never been the intention to make profits on wine tastings but ensure that good quality wines are tasted and costs are covered.<\/span><\/p>\n<p><span style=\"color: #000000;\">The financial report was proposed by Martin Bentley and seconded by Barbara Priest and then unanimously approved by members.<\/span><\/p>\n<ol start=\"7\">\n<li><span style=\"color: #000000;\"><strong> \u00a0Election of President<\/strong><\/span><\/li>\n<\/ol>\n<p><span style=\"color: #000000;\">Paul Nicholls advised that only one nomination had been received for the position of President. Members present were therefore invited to propose and second Vice President Maureen Holliday as President. This was proposed by Joan Easter and unanimously agreed by those present.<\/span><\/p>\n<p><span style=\"color: #000000;\">At this stage Paul Nicholls handed over the chair to the new President.<\/span><\/p>\n<ol start=\"8\">\n<li><span style=\"color: #000000;\"><strong> \u00a0Election of Vice President<\/strong><\/span><\/li>\n<\/ol>\n<p><span style=\"color: #000000;\">The only nomination for the position of Vice President was Tim Fawle and the President invited approval from the membership. This was unanimously agreed by those present.<\/span><\/p>\n<ol start=\"9\">\n<li><span style=\"color: #000000;\"><strong>Election of Treasurer\u00a0\u00a0\u00a0\u00a0\u00a0\u00a0<\/strong><\/span><\/li>\n<\/ol>\n<p><span style=\"color: #000000;\">After 4 years as Treasurer Shirley Sloggie has decided to stand down.\u00a0 Mike Granville volunteered to take up this position and was proposed by Hugh Epsom and seconded by Mary Anderton and unanimously agreed by those present.<\/span><\/p>\n<ol start=\"10\">\n<li><span style=\"color: #000000;\"><strong> Election of Secretary<\/strong><\/span><\/li>\n<\/ol>\n<p><span style=\"color: #000000;\">The only nomination for the position of Secretary was Paul Smithard and the President invited a proposer and seconder for this nomination. He was proposed by Colin Donadio and seconded by Debbie Theophilus and unanimously approved by the assembly.<\/span><\/p>\n<ol start=\"11\">\n<li><span style=\"color: #000000;\"><strong> Election of Membership Secretary<\/strong><\/span><\/li>\n<\/ol>\n<p><span style=\"color: #000000;\">Tony Cabban has offered his resignation and Ron Watson has offered his nomination.\u00a0 This was proposed by Susan Blewett and seconded by Gordon Sellars and unanimously agreed by those present.<\/span><\/p>\n<ol start=\"12\">\n<li><span style=\"color: #000000;\"><strong> Venues &amp; Menus Team<\/strong><\/span><\/li>\n<\/ol>\n<p><span style=\"color: #000000;\">After 4 years in the position Sue and Colin Donadio will stand down. Susan Blewett has accepted this nomination and will be assisted by Netty Sayers when required.\u00a0 This was proposed by Pat Pacey and seconded by Carol Bentley and unanimously agreed by those present.<\/span><\/p>\n<p><span style=\"color: #000000;\"><a href=\"http:\/\/www.cbws.eu\/archive\/annual-general-meeting\/dav-19\/\" rel=\"attachment wp-att-6510\"><img loading=\"lazy\" class=\"alignright size-medium wp-image-6510\" src=\"http:\/\/www.cbws.eu\/archive\/wp-content\/uploads\/2019\/01\/IMG_20190117_190941-300x225.jpg\" alt=\"\" width=\"300\" height=\"225\" srcset=\"http:\/\/www.cbws.eu\/archive\/wp-content\/uploads\/2019\/01\/IMG_20190117_190941-300x225.jpg 300w, http:\/\/www.cbws.eu\/archive\/wp-content\/uploads\/2019\/01\/IMG_20190117_190941-768x576.jpg 768w, http:\/\/www.cbws.eu\/archive\/wp-content\/uploads\/2019\/01\/IMG_20190117_190941-1024x768.jpg 1024w, http:\/\/www.cbws.eu\/archive\/wp-content\/uploads\/2019\/01\/IMG_20190117_190941-400x300.jpg 400w\" sizes=\"(max-width: 300px) 100vw, 300px\" \/><\/a>\u00a0\u00a0\u00a0\u00a0\u00a0\u00a0\u00a0\u00a0\u00a0\u00a0\u00a0\u00a0\u00a0\u00a0\u00a0\u00a0\u00a0\u00a0\u00a0\u00a0\u00a0\u00a0\u00a0\u00a0\u00a0\u00a0\u00a0\u00a0\u00a0\u00a0\u00a0\u00a0\u00a0\u00a0\u00a0\u00a0\u00a0\u00a0\u00a0\u00a0\u00a0\u00a0\u00a0\u00a0\u00a0\u00a0\u00a0\u00a0\u00a0\u00a0\u00a0\u00a0\u00a0\u00a0\u00a0\u00a0\u00a0\u00a0\u00a0<\/span><\/p>\n<ol start=\"13\">\n<li><span style=\"color: #000000;\"><strong> Proposed Budget 2019<\/strong><\/span><\/li>\n<\/ol>\n<p><span style=\"color: #000000;\">The President advised that the 2019 budget is forecasted to have the same level of membership as 2018 and that tastings will reflect a small overall loss of 50\u20ac. The overall objective is to provide quality wines and meals as in previous years.<\/span><\/p>\n<p><span style=\"color: #000000;\">\u00a0 14<strong> \u00a0Proposed Programme 2019<\/strong><\/span><\/p>\n<p><span style=\"color: #000000;\">The President outlined her programme for the year 2019, which appears on the web site.<\/span><\/p>\n<ol start=\"15\">\n<li><span style=\"color: #000000;\"><strong> A.O.B.<\/strong><\/span><\/li>\n<\/ol>\n<p><span style=\"color: #000000;\">Colin Donadio advised the meeting that he and Sue will deputise for Susan Blewett in February who has a family commitment in the UK. A new venue Restaurante Amanecer has been selected for this tasting as La Senia in Denia is closed for alterations.\u00a0 The meeting room for the AGM was provided free from Hotel Sol y Mar.<\/span><\/p>\n<p><span style=\"color: #000000;\">Finally Colin commented that within the confines of good budgeting there is a fine balance between venues and cost. The more prestigious venues have higher charges but will be balanced by the lower cost venues whilst making sure that we retain a good standard. The same standards will be maintained this year.<\/span><\/p>\n<p><span style=\"color: #000000;\">There being no other business, President Maureen Holliday closed the meeting at 19.30.<\/span><\/p>\n<p><span style=\"color: #000000;\">TBF<\/span><\/p>\n<p><span style=\"color: #000000;\">Secretary<\/span><\/p>\n<p><span style=\"color: #000000;\">20.1.19\u00a0<\/span><\/p>\n<p>&nbsp;<\/p>\n","protected":false},"excerpt":{"rendered":"<p>Minutes of the AGM held on January 17, 2019 at Hotel Sol y Mar, Calpe. Numbers present 47 President Paul Nicholls called the meeting to order at 18.30. Apologies for Absence were received from: \u00a0 \u00a0 \u00a0 \u00a0 Neil Robertson&hellip;<\/p>\n<p class=\"more-link-p\"><a class=\"more-link\" href=\"http:\/\/www.cbws.eu\/archive\/annual-general-meeting\/\">Read more \u2192<\/a><\/p>\n","protected":false},"author":7,"featured_media":0,"parent":0,"menu_order":0,"comment_status":"closed","ping_status":"closed","template":"","meta":[],"categories":[],"tags":[],"_links":{"self":[{"href":"http:\/\/www.cbws.eu\/archive\/wp-json\/wp\/v2\/pages\/1352"}],"collection":[{"href":"http:\/\/www.cbws.eu\/archive\/wp-json\/wp\/v2\/pages"}],"about":[{"href":"http:\/\/www.cbws.eu\/archive\/wp-json\/wp\/v2\/types\/page"}],"author":[{"embeddable":true,"href":"http:\/\/www.cbws.eu\/archive\/wp-json\/wp\/v2\/users\/7"}],"replies":[{"embeddable":true,"href":"http:\/\/www.cbws.eu\/archive\/wp-json\/wp\/v2\/comments?post=1352"}],"version-history":[{"count":61,"href":"http:\/\/www.cbws.eu\/archive\/wp-json\/wp\/v2\/pages\/1352\/revisions"}],"predecessor-version":[{"id":6511,"href":"http:\/\/www.cbws.eu\/archive\/wp-json\/wp\/v2\/pages\/1352\/revisions\/6511"}],"wp:attachment":[{"href":"http:\/\/www.cbws.eu\/archive\/wp-json\/wp\/v2\/media?parent=1352"}],"wp:term":[{"taxonomy":"category","embeddable":true,"href":"http:\/\/www.cbws.eu\/archive\/wp-json\/wp\/v2\/categories?post=1352"},{"taxonomy":"post_tag","embeddable":true,"href":"http:\/\/www.cbws.eu\/archive\/wp-json\/wp\/v2\/tags?post=1352"}],"curies":[{"name":"wp","href":"https:\/\/api.w.org\/{rel}","templated":true}]}}